e the greatest common divisor of 24928 and 410.
82
Calculate the greatest common factor of 4556060 and 535.
535
Calculate the highest common factor of 1354118 and 17.
17
Calculate the highest common factor of 17480 and 872.
8
Calculate the highest common divisor of 259 and 1654751.
259
Calculate the greatest common divisor of 268 and 60032.
268
Calculate the highest common divisor of 89280 and 77400.
360
What is the greatest common divisor of 43324 and 4?
4
Calculate the greatest common factor of 167120 and 180.
20
Calculate the highest common factor of 556 and 275081.
139
Calculate the highest common divisor of 936 and 1544712.
312
Calculate the greatest common divisor of 17936 and 68381.
1121
Calculate the highest common factor of 38061 and 36.
9
What is the highest common divisor of 7189 and 1547?
91
Calculate the greatest common factor of 72 and 60324.
12
What is the greatest common divisor of 60263 and 784?
7
Calculate the highest common factor of 295911 and 77.
77
Calculate the greatest common factor of 6204 and 40420.
188
Calculate the greatest common divisor of 360 and 2340.
180
Calculate the greatest common divisor of 4930 and 50866.
58
Calculate the greatest common factor of 252 and 188412.
84
What is the highest common factor of 425592 and 3?
3
What is the highest common divisor of 21720 and 125071?
181
Calculate the highest common divisor of 12 and 262302.
6
Calculate the greatest common factor of 140880 and 960.
240
Calculate the highest common factor of 184 and 164404.
92
Calculate the greatest common factor of 45527 and 212.
53
Calculate the highest common factor of 6 and 91575.
3
What is the highest common factor of 5262409 and 61?
61
What is the greatest common divisor of 324798 and 30?
6
Calculate the greatest common divisor of 42 and 4810407.
21
Calculate the highest common divisor of 2068 and 10164.
44
Calculate the highest common divisor of 17368 and 2015.
13
What is the highest common divisor of 55473 and 3630?
33
What is the highest common factor of 10134 and 372?
6
Calculate the highest common factor of 27 and 1359.
9
What is the highest common factor of 250 and 80875?
125
Calculate the greatest common factor of 2800070 and 3315.
1105
Calculate the highest common factor of 174 and 930378.
174
Calculate the greatest common factor of 9664 and 176.
16
Calculate the highest common divisor of 3 and 4863.
3
What is the greatest common divisor of 2189934 and 54?
18
What is the greatest common factor of 708 and 18231?
177
Calculate the greatest common factor of 43119 and 54.
27
Calculate the greatest common divisor of 21567 and 22752.
237
Calculate the greatest common divisor of 3282 and 2094.
6
Calculate the greatest common factor of 1025 and 9307.
41
What is the highest common factor of 128 and 43712?
64
What is the greatest common divisor of 361688 and 232?
232
What is the greatest common factor of 364 and 55783?
91
What is the greatest common factor of 165 and 16885?
55
What is the highest common divisor of 22 and 51634?
22
Calculate the highest common divisor of 523575 and 450.
225
What is the greatest common factor of 3567 and 3741?
87
What is the greatest common divisor of 332387 and 536?
67
What is the greatest common divisor of 391 and 575161?
391
What is the highest common factor of 641 and 641?
641
What is the highest common factor of 188 and 50243?
47
What is the greatest common divisor of 218414 and 14?
14
What is the highest common divisor of 116586 and 51?
51
Calculate the highest common factor of 11907 and 525.
21
Calculate the highest common divisor of 156302 and 248.
62
What is the highest common factor of 493340 and 136?
68
What is the highest common factor of 816 and 20196?
204
What is the greatest common divisor of 6314 and 57974?
574
Calculate the greatest common divisor of 10768 and 2032.
16
Calculate the highest common divisor of 201320 and 280.
280
Calculate the highest common factor of 102 and 1732470.
102
What is the greatest common factor of 19 and 1539?
19
Calculate the highest common divisor of 207275 and 125.
25
Calculate the highest common factor of 11089404 and 276.
276
Calculate the greatest common divisor of 20252 and 4636.
244
Calculate the highest common divisor of 18746 and 29302.
182
What is the highest common factor of 5191 and 522?
29
Calculate the highest common divisor of 217 and 31434.
31
Calculate the greatest common divisor of 208 and 1108796.
52
Calculate the greatest common factor of 10701 and 2871.
261
What is the greatest common factor of 5481073 and 13?
13
What is the highest common divisor of 224 and 27916?
28
What is the greatest common divisor of 965 and 56742?
193
Calculate the highest common factor of 15 and 11735.
5
What is the highest common divisor of 18 and 6777999?
9
Calculate the highest common factor of 2548550 and 60.
10
What is the greatest common factor of 80 and 230210?
10
What is the highest common divisor of 22 and 3049013?
11
Calculate the greatest common divisor of 4257 and 387.
387
What is the highest common divisor of 945 and 1145?
5
Calculate the highest common divisor of 1476 and 396675.
369
What is the highest common factor of 1478 and 46?
2
What is the greatest common factor of 21250 and 900?
50
Calculate the greatest common divisor of 345610 and 1710.
190
What is the greatest common divisor of 1318986 and 36?
18
What is the greatest common factor of 1218 and 651224?
406
Calculate the highest common divisor of 619 and 757037.
619
Calculate the greatest common divisor of 13 and 598273.
13
What is the greatest common divisor of 2504 and 18?
2
Calculate the greatest common factor of 1264 and 30494.
158
What is the greatest common divisor of 243421 and 10?
1
What is the greatest common divisor of 188 and 2557317?
47
What is the greatest common divisor of 322710 and 558?
186
Calculate the greatest common divisor of 69 and 84318.
69
Calculate the greatest common factor of 763176 and 120.
24
Calculate the highest common divisor of 2891 and 784.
49
Calculate the greatest common factor of 2580 and 215860.
860
What is the highest common divisor of 185 and 218660?
5
What is the greatest common factor of 27 and 2041659?
27
Calculate the greatest common divisor of 25440 and 272.
16
What is the greatest common factor of 2453 and 88?
11
Calculate the highest common divisor of 537964 and 168.
28
What is the highest common divisor of 24492 and 978?
6
What is the highest common divisor of 4855 and 3?
1
What is the highest common factor of 9175 and 600?
25
What is the highest common factor of 24 and 14652?
12
What is the highest common factor of 75650 and 850?
850
What is the greatest common factor of 2626 and 6136?
26
Calculate the highest common divisor of 9 and 75840.
3
What is the highest common divisor of 806 and 2110511?
403
What is the highest common factor of 60479 and 1773?
197
What is the greatest common factor of 189440 and 3552?
1184
What is the greatest common factor of 40330 and 920?
10
Calculate the highest common divisor of 105 and 97405.
35
Calculate the highest common divisor of 32853 and 1128.
141
What is the greatest common factor of 102 and 165444?
102
Calculate the highest common factor of 304 and 778088.
152
What is the greatest common divisor of 812 and 140273?
203
Calculate the highest common factor of 42244 and 708.
236
What is the greatest common factor of 26799 and 21?
3
Calculate the greatest common divisor of 2256 and 342.
6
What is the greatest common factor of 24 and 16312?
8
Calculate the highest common factor of 84 and 214564.
28
What is the highest common divisor of 822 and 51512?
274
What is the greatest common divisor of 348978 and 63?
21
What is the greatest common factor of 450 and 258800?
50
Calculate the greatest common divisor of 320 and 808.
8
Calculate the highest common divisor of 6211616 and 32.
32
What is the greatest common factor of 46802 and 3794?
14
Calculate the greatest common factor of 1020 and 527034.
102
Calculate the greatest common divisor of 40 and 334440.
40
What is the greatest common factor of 255820 and 300?
20
Calculate the highest common divisor of 77 and 74602.
11
What is the greatest common factor of 964 and 1633739?
241
What is the greatest common factor of 63 and 477?
9
Calculate the highest common